emainder when 21885856 is divided by 149.
140
Calculate the remainder when 1480445 is divided by 1480423.
22
What is the remainder when 194741 is divided by 1820?
1
What is the remainder when 302055 is divided by 549?
105
What is the remainder when 125663 is divided by 1335?
173
Calculate the remainder when 50144 is divided by 12130.
1624
Calculate the remainder when 77015 is divided by 15319.
420
Calculate the remainder when 1935644 is divided by 1305.
329
Calculate the remainder when 536689 is divided by 9096.
25
Calculate the remainder when 20221317 is divided by 60.
57
Calculate the remainder when 11232 is divided by 286.
78
What is the remainder when 959777 is divided by 2681?
2660
Calculate the remainder when 3183363 is divided by 63666.
63
Calculate the remainder when 15880500 is divided by 31.
6
Calculate the remainder when 122637771 is divided by 10.
1
What is the remainder when 29722549 is divided by 3?
1
Calculate the remainder when 250292027 is divided by 41.
24
Calculate the remainder when 23210770 is divided by 806.
388
What is the remainder when 1983277 is divided by 52191?
19
Calculate the remainder when 282503 is divided by 735.
263
Calculate the remainder when 192218 is divided by 16.
10
What is the remainder when 13153 is divided by 2574?
283
Calculate the remainder when 4123240 is divided by 23969.
572
What is the remainder when 30392 is divided by 7420?
712
Calculate the remainder when 1486317 is divided by 366.
357
What is the remainder when 554245 is divided by 61400?
1645
What is the remainder when 324460 is divided by 4062?
3562
What is the remainder when 96157 is divided by 48066?
25
Calculate the remainder when 3061762 is divided by 216.
178
What is the remainder when 463099 is divided by 12852?
427
Calculate the remainder when 167404 is divided by 101.
47
What is the remainder when 7406145 is divided by 38?
21
Calculate the remainder when 673478 is divided by 44855.
653
Calculate the remainder when 9855470 is divided by 4614.
4580
What is the remainder when 68871 is divided by 1396?
467
What is the remainder when 67554951 is divided by 463?
10
Calculate the remainder when 28292146 is divided by 2297.
2294
Calculate the remainder when 65172549 is divided by 221.
91
What is the remainder when 12889 is divided by 12729?
160
What is the remainder when 1975658 is divided by 89746?
1246
What is the remainder when 238509277 is divided by 304?
301
Calculate the remainder when 257247 is divided by 2180.
7
Calculate the remainder when 320312 is divided by 24628.
148
Calculate the remainder when 114932 is divided by 8825.
207
Calculate the remainder when 31191241 is divided by 156.
133
Calculate the remainder when 3055 is divided by 1109.
837
What is the remainder when 16153826 is divided by 555?
551
Calculate the remainder when 191893 is divided by 9877.
4230
Calculate the remainder when 46462935 is divided by 9292583.
20
What is the remainder when 4558505 is divided by 13?
3
What is the remainder when 2564612 is divided by 33?
17
Calculate the remainder when 126323 is divided by 593.
14
Calculate the remainder when 128338 is divided by 535.
473
Calculate the remainder when 451316 is divided by 1312.
1300
Calculate the remainder when 1326107 is divided by 331519.
31
Calculate the remainder when 3883947 is divided by 1233.
1230
Calculate the remainder when 7982359 is divided by 146.
101
Calculate the remainder when 43675 is divided by 362.
235
What is the remainder when 74309134 is divided by 11?
9
What is the remainder when 184632 is divided by 92308?
16
What is the remainder when 77560 is divided by 19113?
1108
Calculate the remainder when 3643328 is divided by 1214328.
344
What is the remainder when 10477302 is divided by 5238648?
6
What is the remainder when 191161 is divided by 3295?
51
Calculate the remainder when 3455069 is divided by 11873.
26
What is the remainder when 318568 is divided by 63?
40
What is the remainder when 1168851 is divided by 248?
27
What is the remainder when 1041586 is divided by 1041573?
13
Calculate the remainder when 144606 is divided by 598.
488
Calculate the remainder when 76547953 is divided by 1028.
1017
Calculate the remainder when 1075808 is divided by 59765.
38
Calculate the remainder when 922460 is divided by 867.
839
Calculate the remainder when 204024 is divided by 67457.
1653
Calculate the remainder when 9550525 is divided by 2387630.
5
Calculate the remainder when 9217 is divided by 2207.
389
What is the remainder when 448763277 is divided by 1292?
1289
What is the remainder when 25508 is divided by 1404?
236
Calculate the remainder when 2551083 is divided by 136.
131
What is the remainder when 106432 is divided by 2054?
1678
What is the remainder when 56398 is divided by 56372?
26
Calculate the remainder when 184644 is divided by 4719.
603
Calculate the remainder when 16931730 is divided by 3386346.
0
Calculate the remainder when 728365 is divided by 91037.
69
Calculate the remainder when 398585 is divided by 255.
20
What is the remainder when 235689 is divided by 6618?
4059
What is the remainder when 646844 is divided by 61?
0
What is the remainder when 15119127 is divided by 44079?
30
Calculate the remainder when 837107 is divided by 8714.
563
What is the remainder when 4944036 is divided by 618002?
20
What is the remainder when 1166985 is divided by 689?
508
What is the remainder when 1636507 is divided by 71152?
11
Calculate the remainder when 1237940 is divided by 1142.
12
Calculate the remainder when 52486166 is divided by 2867.
2864
What is the remainder when 23949066 is divided by 406?
344
Calculate the remainder when 12507146 is divided by 1828.
1798
What is the remainder when 12327698 is divided by 262287?
209
What is the remainder when 605450 is divided by 138?
44
What is the remainder when 147374 is divided by 16369?
53
Calculate the remainder when 6170 is divided by 16.
10
What is the remainder when 2702790 is divided by 1025?
890
What is the remainder when 12562691 is divided by 1979?
1978
What is the remainder when 1062121 is divided by 7589?
7250
Calculate the remainder when 586777343 is divided by 1261.
1257
What is the remainder when 4768123 is divided by 749?
738
What is the remainder when 132348 is divided by 2878?
2838
Calculate the remainder when 337164 is divided by 1694.
58
What is the remainder when 1889638 is divided by 377896?
158
Calculate the remainder when 45508 is divided by 4220.
3308
What is the remainder when 1052556 is divided by 1869?
309
What is the remainder when 190386 is divided by 190008?
378
What is the remainder when 3002 is divided by 917?
251
Calculate the remainder when 278242648 is divided by 2727869.
10
Calculate the remainder when 35263 is divided by 8201.
2459
What is the remainder when 18977704 is divided by 45?
34
Calculate the remainder when 3039114 is divided by 69.
9
What is the remainder when 329552299 is divided by 562?
557
Calculate the remainder when 43455954 is divided by 835691.
22
What is the remainder when 67637 is divided by 107?
13
What is the remainder when 3981246 is divided by 168?
150
What is the remainder when 50152 is divided by 30?
22
What is the remainder when 11460581 is divided by 339?
8
Calculate the remainder when 1165870 is divided by 14947.
4
What is the remainder when 30898406 is divided by 3524?
3498
What is the remainder when 86465137 is divided by 31?
30
Calculate the remainder when 287762 is divided by 83.
1
What is the remainder when 203649 is divided by 2286?
195
Calculate the remainder when 265930 is divided by 6041.
126
What is the remainder when 3589902 is divided by 7960?
7902
What is the remainder when 1329416 is divided by 664551?
314
Calculate the remainder when 4964570 is divided by 924.
842
What is the remainder when 46281568 is divided by 66?
58
What is the remainder when 7910963 is divided by 2571?
2567
Calculate the remainder when 1079207 is divided by 2685.
2522
Calculate the remainder when 347392 is divided by 203.
59
Calculate the remainder when 13459420 is divided by 105.
100
What is the remainder when 538397 is divided by 2921?
933
Calculate the remainder when 38625475 is divided by 4828184.
3
What is the remainder when 227989 is divided by 597?
532
Calculate the remainder wh